actor of c and s.
12
Let a(m) = -55*m - 4. Suppose 21 = -21*z + 18*z. Let d be a(z). Suppose -5*h + 0*h - 375 = -5*c, -2*h - d = -5*c. What is the highest common factor of c and 11?
11
Suppose 5*n + 26 - 151 = 0. What is the highest common divisor of 400 and n?
25
Let t(h) = -h**3 + 4*h**2 + 5*h - 1. Let a be t(-2). Let s = a + -9. What is the greatest common factor of s and 52?
4
Let x be (-5 + 6)/(-1*1). Let m be 0/(-1) - 0/x. Let b be 6 - m/(1 + 2). What is the greatest common factor of 9 and b?
3
Let h(k) = k**2 + 1. Let x(i) = -5*i**2 + 8*i - 8. Let j(d) = -6*h(d) - x(d). Let y be j(-6). Calculate the highest common factor of y and 126.
14
Let i be 32 + 216 - (4 + 2). What is the greatest common factor of i and 22?
22
Let m(n) = 7*n**2 - 8*n**2 + 0*n**2 + 4 + 8*n. Let d be m(8). Let b be (-6)/d*14/(-3). What is the greatest common factor of b and 63?
7
Let k be (5 - 145/25)/((-14)/105). Calculate the greatest common divisor of 5 and k.
1
Let t(z) = z**3 - z**2 - 15*z + 2. Let f be t(5). What is the highest common factor of 153 and f?
9
Suppose -8*b = -3*y - 6*b - 97, -y = 3*b + 47. Let i = 38 + y. What is the highest common divisor of 15 and i?
3
Let a be 2907/(-38) + ((-2)/4)/1. Let r = a + 87. Let g(o) = -o**3 + 9*o**2 - 6*o. Let w be g(5). What is the greatest common divisor of r and w?
10
Let f(q) = q**3 + 6*q**2 - 6*q + 8. Let c be f(-7). Let z be 4195/25 + c/5. What is the greatest common divisor of 24 and z?
24
Suppose -1695 - 433 = -76*a. What is the greatest common factor of a and 12?
4
Suppose 7 = -o + 4, 3*o + 359 = 5*d. What is the highest common factor of 42 and d?
14
Let f be ((-846)/15)/((-15)/100). Calculate the highest common factor of f and 235.
47
Let x be 353*1 - (-57 - -49). Calculate the highest common factor of 19 and x.
19
Let h = 33 + 14. Let v = -92 + h. Let u = v - -75. What is the highest common divisor of 75 and u?
15
Suppose 4*i - 66 = 2*i. Let l(n) = -3*n - 14. Let a be l(-23). What is the highest common factor of a and i?
11
Let v(r) = 5*r + 41. Let x be v(-7). Calculate the greatest common divisor of x and 162.
6
Suppose -6*t + 5 = -5*t, 3*s = 5*t - 37. Let d be 3 + s + -3 + 11. Calculate the greatest common divisor of d and 7.
7
Let r(d) = -3*d**3 + 6*d**2 + 4*d - 5. Let k = 9 + -7. Let i be r(k). What is the greatest common factor of 15 and i?
3
Let r(l) = -119*l**3 - 4*l**2 - 3*l - 2. Let q be r(-1). What is the greatest common factor of 87 and q?
29
Suppose -68 = -9*k + 5*k. Suppose 94 = 5*z - 76. Calculate the greatest common factor of z and k.
17
Let s(q) = 13 - q + 11 - 1. Suppose 0 = -0*u + 2*u - 28. Let v be s(u). Calculate the highest common divisor of 81 and v.
9
Let l be (37 - 32) + (42 - 1). What is the greatest common divisor of l and 115?
23
Let z be 8/(-2 - -2 - -2). Let s = -2 + z. Let x = 38 + s. What is the greatest common factor of 10 and x?
10
Let t(l) = l**3 - 15*l**2 + 13*l + 16. Let u be 17/(-17) + (15 - 0). Let k be t(u). Calculate the greatest common divisor of k and 16.
2
Let l be (186/(-18))/((-1)/3). Suppose 5*i = -4*k + 114, 3*k = -k + 4*i + 132. What is the greatest common divisor of k and l?
31
Let b be -15 + 1 + 9/(-3). Let j = 22 + b. Let y be (-1 + j - 3)*8. What is the greatest common factor of y and 72?
8
Let g(c) = 5*c**2 + 9*c - 14. Let q be g(-3). Calculate the greatest common factor of q and 108.
4
Let y be (392/7)/7 - -2. Calculate the greatest common factor of y and 110.
10
Let z = -31 + 37. Let y(a) be the second derivative of a**5/20 - 5*a**4/12 + 2*a**2 + 2*a. Let r be y(z). What is the highest common divisor of 16 and r?
8
Let w be 11/(-22)*(-29 + 1). Let m = -11 - -16. Let o = w - m. What is the greatest common factor of o and 9?
9
Suppose y = 6*y. Suppose 2*h = h, y = -k + 4*h + 405. Suppose k = 6*p - 99. What is the highest common divisor of 21 and p?
21
Suppose -26*a = -12*a - 700. What is the greatest common divisor of 110 and a?
10
Let y = -637 + 640. What is the highest common divisor of 12 and y?
3
Suppose -h + 2 = -1. Let y be 228/(-6)*(1 - h). Suppose 5*x = -4*s + y - 24, 0 = 5*s - 3*x - 28. Calculate the highest common divisor of 8 and s.
8
Let c = -12 + 68. Suppose 0 = -4*t + t + y + c, -4*y = 5*t - 99. What is the highest common factor of t and 19?
19
Suppose 5*v + 2*z = 5*z - 39, 0 = -4*v - z - 38. Let w = v - -11. Suppose -22 = -3*c + w. Calculate the highest common factor of c and 8.
8
Suppose 21*s - 146 - 358 = 0. Calculate the greatest common factor of 96 and s.
24
Let y(r) = -68*r - 30. Let h be y(-6). What is the greatest common factor of 18 and h?
18
Let z(d) = -d**3 + d + 1. Let n be z(-2). Calculate the highest common factor of 2 and n.
1
Suppose 4*q - 5*s - 51 = 0, -q + 2*s + 0*s = -15. Let t be (1*8/(-12))/((-1)/q). Calculate the greatest common divisor of 42 and t.
6
Suppose -50*g + 28*g = -4356. What is the highest common factor of g and 450?
18
Let b(r) = -r - 4. Let h be b(-10). Let c be (-4)/12 + 8/h. Calculate the highest common factor of c and 6.
1
Suppose 16 = o - 64. Let l(k) = -k**3 + 10*k**2 + 39*k + 10. Let c be l(13). Calculate the greatest common divisor of o and c.
10
Suppose 17*d = -513 + 1176. Let o be ((-1)/3)/(1/(-39)). Calculate the greatest common divisor of d and o.
13
Let h be -18*(-5 - 3/(-2)). Calculate the greatest common divisor of h and 63.
63
Suppose -4*b = -85 - 67. Suppose -2*o + 156 = -o - 4*d, 0 = -o - d + 151. What is the highest common divisor of o and b?
38
Let x be 6/33 - 612/(-22). Let z = 476 + -286. Suppose -p = -2*n + 88, -5*n - 5*p + z = -0*n. Calculate the greatest common divisor of x and n.
14
Let u(n) = n**3 - 30*n**2 + 16*n + 423. Let m be u(29). Calculate the greatest common factor of 759 and m.
23
Let m be (-24)/(-42) + (-8)/14. Let c(u) = 3*u + 6. Let k be c(m). What is the greatest common divisor of 3 and k?
3
Let c = 69 + -25. Let q = 16 + c. What is the greatest common divisor of q and 20?
20
Let b(l) = 70*l**2 + 136*l + 137. Let c be b(-1). What is the greatest common factor of 1775 and c?
71
Let t(m) = -2*m**3 + 2*m**2 + 3*m. Let p be t(-2). Let i(y) = 21*y + 198. Let q be i(-9). Calculate the greatest common divisor of q and p.
9
Let i(k) = 12*k - 240. Let y be i(24). Calculate the highest common factor of 720 and y.
48
Let z be (-19)/(95/(-240)) + 3*1. What is the greatest common divisor of z and 6?
3
Let b(o) = -2*o + 36. Let h be b(11). Let g = -426 - -517. What is the greatest common divisor of h and g?
7
Suppose -14*j + 315 = -161. Calculate the greatest common factor of 782 and j.
34
Let w be 2/((-4)/(-30)) + -1. Let x = 26 - w. Let l = 8 + 88. Calculate the highest common divisor of x and l.
12
Let o(n) = -4*n - 1. Let g be o(-1). Suppose a - 65 = 4*s - 5*s, -g*s - 4*a = -192. Let t = 27 - 10. Calculate the greatest common divisor of t and s.
17
Suppose 387 = 28*y - 7593. Calculate the greatest common divisor of y and 3.
3
Suppose 8*b + 4*b + 2016 = 26*b. Let c(o) = -2*o + 6. Let a be c(-5). Calculate the greatest common factor of a and b.
16
Let z(r) = 6*r - 1. Let m be z(3). Let b = -37 - -44. Let i = 112 + b. What is the highest common divisor of m and i?
17
Suppose -28*y + 1068 + 1480 = 0. Calculate the greatest common divisor of y and 14.
7
Suppose -4*t + 5*o + 120 = 0, -13 = -2*t - 4*o + 47. Let a be 26/t + (-48)/(-360). Calculate the greatest common divisor of a and 9.
1
Suppose 5*f - 10 = 4*f - 2*x, 0 = 3*f - 4*x - 80. What is the greatest common divisor of 380 and f?
20
Suppose 416 = 5*t + 61. Suppose 5*m = 4*v - t, 3*v - 3*m - 57 = 2*m. Suppose -3*y + 63 + 42 = 0. Calculate the highest common factor of y and v.
7
Let q(y) = -2*y**2 + y - 2. Let l be q(-2). Let t = l - -18. Calculate the highest common factor of 24 and t.
6
Let s be (-52 + 25)/(1/(-16)). Calculate the highest common factor of s and 16.
16
Let x = -24 + 36. Let n be ((-10)/(-3))/(8/x). What is the highest common factor of 1 and n?
1
Suppose -2*s - 19 - 7 = 2*i, 83 = -5*i + s. Let c = -16 - i. Suppose -5*v = -c*v - 425. Calculate the greatest common factor of 17 and v.
17
Let j = 344 + -192. What is the greatest common divisor of 19 and j?
19
Suppose 4*v = 5*g + 141 - 50, g = 3*v - 82. Suppose -719 = -5*z + 3*j, 11*z - 582 = 7*z - j. Calculate the greatest common factor of v and z.
29
Let o(d) = 